{"id":26,"date":"2017-01-18T21:13:10","date_gmt":"2017-01-18T21:13:10","guid":{"rendered":"http:\/\/www.joao.villares.org\/?page_id=26"},"modified":"2017-02-19T18:26:38","modified_gmt":"2017-02-19T18:26:38","slug":"aulas","status":"publish","type":"page","link":"https:\/\/joao.villares.org\/?page_id=26","title":{"rendered":"Aulas"},"content":{"rendered":"<p><a href=\"http:\/\/joao.villares.org\/wp-content\/uploads\/2017\/01\/WhatsApp-Image-2017-02-19-at-15.21.58-1.jpeg\"><img decoding=\"async\" loading=\"lazy\" class=\" wp-image-56 alignleft\" src=\"http:\/\/joao.villares.org\/wp-content\/uploads\/2017\/01\/WhatsApp-Image-2017-02-19-at-15.21.58-1-300x169.jpeg\" alt=\"\" width=\"304\" height=\"171\" srcset=\"https:\/\/joao.villares.org\/wp-content\/uploads\/2017\/01\/WhatsApp-Image-2017-02-19-at-15.21.58-1-300x169.jpeg 300w, https:\/\/joao.villares.org\/wp-content\/uploads\/2017\/01\/WhatsApp-Image-2017-02-19-at-15.21.58-1-768x433.jpeg 768w, https:\/\/joao.villares.org\/wp-content\/uploads\/2017\/01\/WhatsApp-Image-2017-02-19-at-15.21.58-1-1024x577.jpeg 1024w, https:\/\/joao.villares.org\/wp-content\/uploads\/2017\/01\/WhatsApp-Image-2017-02-19-at-15.21.58-1.jpeg 1280w\" sizes=\"(max-width: 304px) 100vw, 304px\" \/><\/a>Aulas particulares ou para grupos de todas as idades. Tear de pedal, pente li\u00e7o ou para cintas.<\/p>\n<p>Os teares pente li\u00e7o s\u00e3o compactos e confi\u00e1veis, podendo produzir cachec\u00f3is, mantas, servi\u00e7os americanos, bolsas e cintos. Utilizo l\u00e3, algod\u00e3o, seda, fibras naturais e sint\u00e9ticos, dependo da \u00e9poca.<\/p>\n<p>Em pouco tempo os alunos v\u00e3o refinando a coordena\u00e7\u00e3o motora e passam a ver e entender mais sobre a estrutura dos t\u00eaxteis bem como os termos t\u00e9cnicos.<\/p>\n<p>O curso tem dura\u00e7\u00e3o de 4 aulas de duas horas e meia, durante o qual se produzir\u00e1 um chaecol de l\u00e3 ou outro produto em duas cores. Os alunos aprender\u00e3o a preparar os fios e instal\u00e1-los no tear. Ao finalizar a pe\u00e7a ser\u00e3o ensinados os acabamentos e franjas.<\/p>\n<p>&nbsp;<\/p>\n<p>&nbsp;<\/p>\n","protected":false},"excerpt":{"rendered":"<p>Aulas particulares ou para grupos de todas as idades. Tear de pedal, pente li\u00e7o ou para cintas. Os teares pente li\u00e7o s\u00e3o compactos e confi\u00e1veis, podendo produzir cachec\u00f3is, mantas, servi\u00e7os americanos, bolsas e cintos. Utilizo l\u00e3, algod\u00e3o, seda, fibras naturais e sint\u00e9ticos, dependo da \u00e9poca. Em pouco tempo os alunos v\u00e3o refinando a coordena\u00e7\u00e3o motora &hellip; <a href=\"https:\/\/joao.villares.org\/?page_id=26\" class=\"more-link\">Continue reading <span class=\"screen-reader-text\">Aulas<\/span><\/a><\/p>\n","protected":false},"author":2,"featured_media":0,"parent":0,"menu_order":0,"comment_status":"closed","ping_status":"closed","template":"","meta":{"jetpack_post_was_ever_published":false},"jetpack_sharing_enabled":true,"jetpack_shortlink":"https:\/\/wp.me\/P8jdIC-q","_links":{"self":[{"href":"https:\/\/joao.villares.org\/index.php?rest_route=\/wp\/v2\/pages\/26"}],"collection":[{"href":"https:\/\/joao.villares.org\/index.php?rest_route=\/wp\/v2\/pages"}],"about":[{"href":"https:\/\/joao.villares.org\/index.php?rest_route=\/wp\/v2\/types\/page"}],"author":[{"embeddable":true,"href":"https:\/\/joao.villares.org\/index.php?rest_route=\/wp\/v2\/users\/2"}],"replies":[{"embeddable":true,"href":"https:\/\/joao.villares.org\/index.php?rest_route=%2Fwp%2Fv2%2Fcomments&post=26"}],"version-history":[{"count":4,"href":"https:\/\/joao.villares.org\/index.php?rest_route=\/wp\/v2\/pages\/26\/revisions"}],"predecessor-version":[{"id":57,"href":"https:\/\/joao.villares.org\/index.php?rest_route=\/wp\/v2\/pages\/26\/revisions\/57"}],"wp:attachment":[{"href":"https:\/\/joao.villares.org\/index.php?rest_route=%2Fwp%2Fv2%2Fmedia&parent=26"}],"curies":[{"name":"wp","href":"https:\/\/api.w.org\/{rel}","templated":true}]}}

<p><a href="http://joao.villares.org/wp-content/uploads/2017/01/WhatsApp-Image-2017-02-19-at-15.21.58-1.jpeg"><img decoding="async" loading="lazy" class=" wp-image-56 alignleft" src="http://joao.villares.org/wp-content/uploads/2017/01/WhatsApp-Image-2017-02-19-at-15.21.58-1-300x169.jpeg" alt="" width="304" height="171" srcset="https://joao.villares.org/wp-content/uploads/2017/01/WhatsApp-Image-2017-02-19-at-15.21.58-1-300x169.jpeg 300w, https://joao.villares.org/wp-content/uploads/2017/01/WhatsApp-Image-2017-02-19-at-15.21.58-1-768x433.jpeg 768w, https://joao.villares.org/wp-content/uploads/2017/01/WhatsApp-Image-2017-02-19-at-15.21.58-1-1024x577.jpeg 1024w, https://joao.villares.org/wp-content/uploads/2017/01/WhatsApp-Image-2017-02-19-at-15.21.58-1.jpeg 1280w" sizes="(max-width: 304px) 100vw, 304px" /></a>Aulas particulares ou para grupos de todas as idades. Tear de pedal, pente liço ou para cintas.</p>
<p>Os teares pente liço são compactos e confiáveis, podendo produzir cachecóis, mantas, serviços americanos, bolsas e cintos. Utilizo lã, algodão, seda, fibras naturais e sintéticos, dependo da época.</p>
<p>Em pouco tempo os alunos vão refinando a coordenação motora e passam a ver e entender mais sobre a estrutura dos têxteis bem como os termos técnicos.</p>
<p>O curso tem duração de 4 aulas de duas horas e meia, durante o qual se produzirá um chaecol de lã ou outro produto em duas cores. Os alunos aprenderão a preparar os fios e instalá-los no tear. Ao finalizar a peça serão ensinados os acabamentos e franjas.</p>
<p>&nbsp;</p>
<p>&nbsp;</p>

<p>Aulas particulares ou para grupos de todas as idades. Tear de pedal, pente liço ou para cintas. Os teares pente liço são compactos e confiáveis, podendo produzir cachecóis, mantas, serviços americanos, bolsas e cintos. Utilizo lã, algodão, seda, fibras naturais e sintéticos, dependo da época. Em pouco tempo os alunos vão refinando a coordenação motora &hellip; <a href="https://joao.villares.org/?page_id=26" class="more-link">Continue reading <span class="screen-reader-text">Aulas</span></a></p>
